[INFO] cloning repository https://github.com/flxo/hogfold
[INFO] running `Command { std: "git" "-c" "credential.helper=" "-c" "credential.helper=/workspace/cargo-home/bin/git-credential-null" "clone" "--bare" "https://github.com/flxo/hogfold" "/workspace/cache/git-repos/https%3A%2F%2Fgithub.com%2Fflxo%2Fhogfold", kill_on_drop: false }`
[INFO] [stderr] Cloning into bare repository '/workspace/cache/git-repos/https%3A%2F%2Fgithub.com%2Fflxo%2Fhogfold'...
[INFO] running `Command { std: "git" "rev-parse" "HEAD", kill_on_drop: false }`
[INFO] [stdout] dfcd1391db1f38b76eb01b03ec3f965bdfde19fe
[INFO] checking flxo/hogfold against master#af3c6e733a40e671550e0f0f5aeecaa13772ba56 for pr-74989
[INFO] running `Command { std: "git" "clone" "/workspace/cache/git-repos/https%3A%2F%2Fgithub.com%2Fflxo%2Fhogfold" "/workspace/builds/worker-6/source", kill_on_drop: false }`
[INFO] [stderr] Cloning into '/workspace/builds/worker-6/source'...
[INFO] [stderr] done.
[INFO] validating manifest of git repo https://github.com/flxo/hogfold on toolchain af3c6e733a40e671550e0f0f5aeecaa13772ba56
[INFO] running `Command { std: "/workspace/cargo-home/bin/cargo" "+af3c6e733a40e671550e0f0f5aeecaa13772ba56" "read-manifest" "--manifest-path" "Cargo.toml", kill_on_drop: false }`
[INFO] started tweaking git repo https://github.com/flxo/hogfold
[INFO] removed path dependency mqtt-codec from git repo https://github.com/flxo/hogfold
[INFO] finished tweaking git repo https://github.com/flxo/hogfold
[INFO] tweaked toml for git repo https://github.com/flxo/hogfold written to /workspace/builds/worker-6/source/Cargo.toml
[INFO] crate git repo https://github.com/flxo/hogfold already has a lockfile, it will not be regenerated
[INFO] running `Command { std: "/workspace/cargo-home/bin/cargo" "+af3c6e733a40e671550e0f0f5aeecaa13772ba56" "fetch" "--locked" "--manifest-path" "Cargo.toml", kill_on_drop: false }`
[INFO] [stderr] warning: dependency (mqtt-codec) specified without providing a local path, Git repository, or version to use. This will be considered an error in future versions
[INFO] [stderr]     Updating crates.io index
[INFO] [stderr] error: the lock file /workspace/builds/worker-6/source/Cargo.lock needs to be updated but --locked was passed to prevent this
[INFO] [stderr] If you want to try to generate the lock file without accessing the network, use the --offline flag.
[INFO] the lockfile is outdated, regenerating it
[INFO] running `Command { std: "/workspace/cargo-home/bin/cargo" "+af3c6e733a40e671550e0f0f5aeecaa13772ba56" "generate-lockfile" "--manifest-path" "Cargo.toml" "-Zno-index-update", kill_on_drop: false }`
[INFO] running `Command { std: "/workspace/cargo-home/bin/cargo" "+af3c6e733a40e671550e0f0f5aeecaa13772ba56" "fetch" "--locked" "--manifest-path" "Cargo.toml", kill_on_drop: false }`
[INFO] [stderr] warning: dependency (mqtt-codec) specified without providing a local path, Git repository, or version to use. This will be considered an error in future versions
[INFO] running `Command { std: "docker" "create" "-v" "/var/lib/crater-agent-workspace/builds/worker-6/target:/opt/rustwide/target:rw,Z" "-v" "/var/lib/crater-agent-workspace/builds/worker-6/source:/opt/rustwide/workdir:ro,Z" "-v" "/var/lib/crater-agent-workspace/cargo-home:/opt/rustwide/cargo-home:ro,Z" "-v" "/var/lib/crater-agent-workspace/rustup-home:/opt/rustwide/rustup-home:ro,Z" "-e" "SOURCE_DIR=/opt/rustwide/workdir" "-e" "CARGO_TARGET_DIR=/opt/rustwide/target" "-e" "CARGO_HOME=/opt/rustwide/cargo-home" "-e" "RUSTUP_HOME=/opt/rustwide/rustup-home" "-w" "/opt/rustwide/workdir" "-m" "1610612736" "--user" "0:0" "--network" "none" "rustops/crates-build-env@sha256:d92eaeed33fa75130ca1ee6c8a01d1ffb62bac859dfdfb3450e3e5d1c0146529" "/opt/rustwide/cargo-home/bin/cargo" "+af3c6e733a40e671550e0f0f5aeecaa13772ba56" "metadata" "--no-deps" "--format-version=1", kill_on_drop: false }`
[INFO] [stdout] 66a702c669c59c0f46d32811aa4d788119a2af7280270393635406ec422a7737
[INFO] [stderr] WARNING: Your kernel does not support swap limit capabilities or the cgroup is not mounted. Memory limited without swap.
[INFO] running `Command { std: "docker" "start" "-a" "66a702c669c59c0f46d32811aa4d788119a2af7280270393635406ec422a7737", kill_on_drop: false }`
[INFO] running `Command { std: "docker" "inspect" "66a702c669c59c0f46d32811aa4d788119a2af7280270393635406ec422a7737", kill_on_drop: false }`
[INFO] running `Command { std: "docker" "rm" "-f" "66a702c669c59c0f46d32811aa4d788119a2af7280270393635406ec422a7737", kill_on_drop: false }`
[INFO] [stdout] 66a702c669c59c0f46d32811aa4d788119a2af7280270393635406ec422a7737
[INFO] running `Command { std: "docker" "create" "-v" "/var/lib/crater-agent-workspace/builds/worker-6/target:/opt/rustwide/target:rw,Z" "-v" "/var/lib/crater-agent-workspace/builds/worker-6/source:/opt/rustwide/workdir:ro,Z" "-v" "/var/lib/crater-agent-workspace/cargo-home:/opt/rustwide/cargo-home:ro,Z" "-v" "/var/lib/crater-agent-workspace/rustup-home:/opt/rustwide/rustup-home:ro,Z" "-e" "SOURCE_DIR=/opt/rustwide/workdir" "-e" "CARGO_TARGET_DIR=/opt/rustwide/target" "-e" "CARGO_INCREMENTAL=0" "-e" "RUST_BACKTRACE=full" "-e" "RUSTFLAGS=--cap-lints=forbid" "-e" "CARGO_HOME=/opt/rustwide/cargo-home" "-e" "RUSTUP_HOME=/opt/rustwide/rustup-home" "-w" "/opt/rustwide/workdir" "-m" "1610612736" "--user" "0:0" "--network" "none" "rustops/crates-build-env@sha256:d92eaeed33fa75130ca1ee6c8a01d1ffb62bac859dfdfb3450e3e5d1c0146529" "/opt/rustwide/cargo-home/bin/cargo" "+af3c6e733a40e671550e0f0f5aeecaa13772ba56" "check" "--frozen" "--all" "--all-targets" "--message-format=json", kill_on_drop: false }`
[INFO] [stdout] d28c9a31bfddba92a3137730fc66a01220094da3ea5b5693274b0f908cb7adbc
[INFO] [stderr] WARNING: Your kernel does not support swap limit capabilities or the cgroup is not mounted. Memory limited without swap.
[INFO] running `Command { std: "docker" "start" "-a" "d28c9a31bfddba92a3137730fc66a01220094da3ea5b5693274b0f908cb7adbc", kill_on_drop: false }`
[INFO] [stderr] warning: dependency (mqtt-codec) specified without providing a local path, Git repository, or version to use. This will be considered an error in future versions
[INFO] [stderr]     Checking cfg-if v0.1.10
[INFO] [stderr]     Checking lazy_static v1.4.0
[INFO] [stderr]     Checking futures v0.1.29
[INFO] [stderr]     Checking slab v0.4.2
[INFO] [stderr]    Compiling syn v1.0.40
[INFO] [stderr]     Checking bytes v0.5.6
[INFO] [stderr]     Checking pin-project-lite v0.1.7
[INFO] [stderr]    Compiling bitflags v1.2.1
[INFO] [stderr]     Checking futures-core v0.3.5
[INFO] [stderr]     Checking futures-sink v0.3.5
[INFO] [stderr]     Checking hashbrown v0.2.2
[INFO] [stderr]    Compiling crossbeam-utils v0.7.2
[INFO] [stderr]    Compiling memoffset v0.5.5
[INFO] [stderr]    Compiling crossbeam-epoch v0.8.2
[INFO] [stderr]    Compiling miniz_oxide v0.4.2
[INFO] [stderr]     Checking log v0.4.11
[INFO] [stderr]    Compiling proc-macro2 v1.0.21
[INFO] [stderr]    Compiling parking_lot_core v0.6.2
[INFO] [stderr]    Compiling parking_lot v0.9.0
[INFO] [stderr]     Checking iovec v0.1.4
[INFO] [stderr]     Checking num_cpus v1.13.0
[INFO] [stderr]     Checking net2 v0.2.35
[INFO] [stderr]     Checking atty v0.2.14
[INFO] [stderr]     Checking smallvec v0.6.13
[INFO] [stderr]     Checking thread_local v1.0.1
[INFO] [stderr]     Checking bytes v0.4.12
[INFO] [stderr]     Checking tokio v0.2.22
[INFO] [stderr]     Checking bytestring v0.1.5
[INFO] [stderr]     Checking regex v1.3.9
[INFO] [stderr]     Checking mio v0.6.22
[INFO] [stderr]    Compiling quote v1.0.7
[INFO] [stderr]     Checking tokio-util v0.2.0
[INFO] [stderr]     Checking string v0.2.1
[INFO] [stderr]     Checking crossbeam-queue v0.2.3
[INFO] [stderr]     Checking backtrace v0.3.50
[INFO] [stderr]     Checking actix-codec v0.2.0
[INFO] [stderr]     Checking crossbeam-deque v0.7.3
[INFO] [stderr]     Checking mqtt-codec v0.3.0
[INFO] [stderr]     Checking env_logger v0.6.2
[INFO] [stderr]     Checking tokio-executor v0.1.10
[INFO] [stderr]     Checking tokio-io v0.1.13
[INFO] [stderr]     Checking tokio-sync v0.1.8
[INFO] [stderr]     Checking stream-cancel v0.4.4
[INFO] [stderr]     Checking tokio-timer v0.2.13
[INFO] [stderr]     Checking tokio-current-thread v0.1.7
[INFO] [stderr]     Checking tokio-threadpool v0.1.18
[INFO] [stderr]     Checking tokio-codec v0.1.2
[INFO] [stderr]     Checking tokio-reactor v0.1.12
[INFO] [stderr]     Checking tokio-tcp v0.1.4
[INFO] [stderr]     Checking tokio v0.1.22
[INFO] [stderr]    Compiling synstructure v0.12.4
[INFO] [stderr]    Compiling failure_derive v0.1.8
[INFO] [stderr]     Checking failure v0.1.8
[INFO] [stderr]     Checking hogfold v0.1.0 (/opt/rustwide/workdir)
[INFO] [stdout] error[E0308]: mismatched types
[INFO] [stdout]   --> src/broker.rs:98:64
[INFO] [stdout]    |
[INFO] [stdout] 98 |                     } => self.subscribe(&client_id, packet_id, &topic_filters),
[INFO] [stdout]    |                                                                ^^^^^^^^^^^^^^ expected slice, found reference
[INFO] [stdout]    |
[INFO] [stdout]    = note: expected reference `&[(string::String<bytes::Bytes>, mqtt_codec::QoS)]`
[INFO] [stdout]               found reference `&&Vec<(bytestring::ByteString, mqtt_codec::QoS)>`
[INFO] [stdout] 
[INFO] [stdout] 
[INFO] [stdout] error[E0308]: mismatched types
[INFO] [stdout]   --> src/broker.rs:98:64
[INFO] [stdout]    |
[INFO] [stdout] 98 |                     } => self.subscribe(&client_id, packet_id, &topic_filters),
[INFO] [stdout]    |                                                                ^^^^^^^^^^^^^^ expected slice, found reference
[INFO] [stdout]    |
[INFO] [stdout]    = note: expected reference `&[(string::String<bytes::Bytes>, mqtt_codec::QoS)]`
[INFO] [stdout]               found reference `&&Vec<(bytestring::ByteString, mqtt_codec::QoS)>`
[INFO] [stdout] 
[INFO] [stdout] 
[INFO] [stdout] error[E0308]: mismatched types
[INFO] [stdout]    --> src/broker.rs:102:66
[INFO] [stdout]     |
[INFO] [stdout] 102 |                     } => self.unsubscribe(&client_id, packet_id, &topic_filters),
[INFO] [stdout]     |                                                                  ^^^^^^^^^^^^^^ expected slice, found reference
[INFO] [stdout]     |
[INFO] [stdout]     = note: expected reference `&[string::String<bytes::Bytes>]`
[INFO] [stdout]                found reference `&&Vec<bytestring::ByteString>`
[INFO] [stdout] 
[INFO] [stdout] 
[INFO] [stdout] error[E0308]: mismatched types
[INFO] [stdout]    --> src/broker.rs:102:66
[INFO] [stdout]     |
[INFO] [stdout] 102 |                     } => self.unsubscribe(&client_id, packet_id, &topic_filters),
[INFO] [stdout]     |                                                                  ^^^^^^^^^^^^^^ expected slice, found reference
[INFO] [stdout]     |
[INFO] [stdout]     = note: expected reference `&[string::String<bytes::Bytes>]`
[INFO] [stdout]                found reference `&&Vec<bytestring::ByteString>`
[INFO] [stdout] 
[INFO] [stdout] 
[INFO] [stdout] error[E0308]: mismatched types
[INFO] [stdout]    --> src/broker.rs:146:32
[INFO] [stdout]     |
[INFO] [stdout] 146 |                         topic: string::String::from_str(&topic),
[INFO] [stdout]     |                                ^^^^^^^^^^^^^^^^^^^^^^^^^^^^^^^^ expected struct `bytestring::ByteString`, found struct `string::String`
[INFO] [stdout]     |
[INFO] [stdout]     = note: expected struct `bytestring::ByteString`
[INFO] [stdout]                found struct `string::String<_>`
[INFO] [stdout] 
[INFO] [stdout] 
[INFO] [stdout] error[E0308]: mismatched types
[INFO] [stdout]    --> src/broker.rs:146:32
[INFO] [stdout]     |
[INFO] [stdout] 146 |                         topic: string::String::from_str(&topic),
[INFO] [stdout]     |                                ^^^^^^^^^^^^^^^^^^^^^^^^^^^^^^^^ expected struct `bytestring::ByteString`, found struct `string::String`
[INFO] [stdout]     |
[INFO] [stdout]     = note: expected struct `bytestring::ByteString`
[INFO] [stdout]                found struct `string::String<_>`
[INFO] [stdout] 
[INFO] [stdout] 
[INFO] [stdout] error[E0308]: mismatched types
[INFO] [stdout]    --> src/broker.rs:148:25
[INFO] [stdout]     |
[INFO] [stdout] 148 |                         payload,
[INFO] [stdout]     |                         ^^^^^^^ expected struct `bytes::bytes::Bytes`, found struct `bytes::Bytes`
[INFO] [stdout]     |
[INFO] [stdout]     = note: perhaps two different versions of crate `bytes` are being used?
[INFO] [stdout] 
[INFO] [stdout] 
[INFO] [stdout] error[E0308]: mismatched types
[INFO] [stdout]    --> src/broker.rs:148:25
[INFO] [stdout]     |
[INFO] [stdout] 148 |                         payload,
[INFO] [stdout]     |                         ^^^^^^^ expected struct `bytes::bytes::Bytes`, found struct `bytes::Bytes`
[INFO] [stdout]     |
[INFO] [stdout]     = note: perhaps two different versions of crate `bytes` are being used?
[INFO] [stdout] 
[INFO] [stdout] 
[INFO] [stdout] error[E0277]: the trait bound `string::String<bytes::Bytes>: Borrow<bytestring::ByteString>` is not satisfied
[INFO] [stdout]    --> src/broker.rs:240:30
[INFO] [stdout]     |
[INFO] [stdout] 240 |                 self.retains.remove(&publish.topic);
[INFO] [stdout]     |                              ^^^^^^ the trait `Borrow<bytestring::ByteString>` is not implemented for `string::String<bytes::Bytes>`
[INFO] [stdout]     |
[INFO] [stdout]     = help: the following implementations were found:
[INFO] [stdout]               <string::String<T> as Borrow<str>>
[INFO] [stdout] 
[INFO] [stdout] 
[INFO] [stdout] error[E0277]: the trait bound `string::String<bytes::Bytes>: Borrow<bytestring::ByteString>` is not satisfied
[INFO] [stdout]    --> src/broker.rs:240:30
[INFO] [stdout]     |
[INFO] [stdout] 240 |                 self.retains.remove(&publish.topic);
[INFO] [stdout]     |                              ^^^^^^ the trait `Borrow<bytestring::ByteString>` is not implemented for `string::String<bytes::Bytes>`
[INFO] [stdout]     |
[INFO] [stdout]     = help: the following implementations were found:
[INFO] [stdout]               <string::String<T> as Borrow<str>>
[INFO] [stdout] 
[INFO] [stdout] 
[INFO] [stdout] error[E0308]: mismatched types
[INFO] [stdout]    --> src/broker.rs:242:37
[INFO] [stdout]     |
[INFO] [stdout] 242 |                 self.retains.insert(publish.topic.clone(), publish.clone());
[INFO] [stdout]     |                                     ^^^^^^^^^^^^^^^^^^^^^ expected struct `string::String`, found struct `bytestring::ByteString`
[INFO] [stdout]     |
[INFO] [stdout]     = note: expected struct `string::String<bytes::Bytes>`
[INFO] [stdout]                found struct `bytestring::ByteString`
[INFO] [stdout] 
[INFO] [stdout] 
[INFO] [stdout] error[E0277]: the trait bound `Codec: Decoder` is not satisfied
[INFO] [stdout]    --> src/broker.rs:335:50
[INFO] [stdout]     |
[INFO] [stdout] 335 |         let (sink, stream) = Framed::new(stream, mqtt_codec::Codec::new()).split();
[INFO] [stdout]     |                                                  ^^^^^^^^^^^^^^^^^^^^^^^^ the trait `Decoder` is not implemented for `Codec`
[INFO] [stdout]     |
[INFO] [stdout]     = note: required by `Framed::<T, U>::new`
[INFO] [stdout] 
[INFO] [stdout] 
[INFO] [stdout] error[E0277]: the trait bound `Codec: Encoder` is not satisfied
[INFO] [stdout]    --> src/broker.rs:335:50
[INFO] [stdout]     |
[INFO] [stdout] 335 |         let (sink, stream) = Framed::new(stream, mqtt_codec::Codec::new()).split();
[INFO] [stdout]     |                                                  ^^^^^^^^^^^^^^^^^^^^^^^^ the trait `Encoder` is not implemented for `Codec`
[INFO] [stdout]     |
[INFO] [stdout]     = note: required by `Framed::<T, U>::new`
[INFO] [stdout] 
[INFO] [stdout] 
[INFO] [stdout] error[E0308]: mismatched types
[INFO] [stdout]    --> src/broker.rs:242:37
[INFO] [stdout]     |
[INFO] [stdout] 242 |                 self.retains.insert(publish.topic.clone(), publish.clone());
[INFO] [stdout]     |                                     ^^^^^^^^^^^^^^^^^^^^^ expected struct `string::String`, found struct `bytestring::ByteString`
[INFO] [stdout]     |
[INFO] [stdout]     = note: expected struct `string::String<bytes::Bytes>`
[INFO] [stdout]                found struct `bytestring::ByteString`
[INFO] [stdout] 
[INFO] [stdout] 
[INFO] [stdout] error[E0599]: no method named `split` found for struct `Framed<tokio::net::TcpStream, Codec>` in the current scope
[INFO] [stdout]    --> src/broker.rs:335:76
[INFO] [stdout]     |
[INFO] [stdout] 335 |         let (sink, stream) = Framed::new(stream, mqtt_codec::Codec::new()).split();
[INFO] [stdout]     |                                                                            ^^^^^ method not found in `Framed<tokio::net::TcpStream, Codec>`
[INFO] [stdout]     | 
[INFO] [stdout]    ::: /opt/rustwide/cargo-home/registry/src/github.com-1ecc6299db9ec823/mqtt-codec-0.3.0/src/codec/mod.rs:36:1
[INFO] [stdout]     |
[INFO] [stdout] 36  | pub struct Codec {
[INFO] [stdout]     | ---------------- doesn't satisfy `Codec: Decoder`
[INFO] [stdout]     | 
[INFO] [stdout]    ::: /opt/rustwide/cargo-home/registry/src/github.com-1ecc6299db9ec823/tokio-io-0.1.13/src/_tokio_codec/framed.rs:18:1
[INFO] [stdout]     |
[INFO] [stdout] 18  | pub struct Framed<T, U> {
[INFO] [stdout]     | -----------------------
[INFO] [stdout]     | |
[INFO] [stdout]     | doesn't satisfy `_: tokio::io::AsyncRead`
[INFO] [stdout]     | doesn't satisfy `_: tokio::prelude::Stream`
[INFO] [stdout]     |
[INFO] [stdout]     = note: the method `split` exists but the following trait bounds were not satisfied:
[INFO] [stdout]             `Codec: Decoder`
[INFO] [stdout]             which is required by `Framed<tokio::net::TcpStream, Codec>: tokio::prelude::Stream`
[INFO] [stdout]             `Framed<tokio::net::TcpStream, Codec>: tokio::io::AsyncRead`
[INFO] [stdout]             which is required by `&mut Framed<tokio::net::TcpStream, Codec>: tokio::io::AsyncRead`
[INFO] [stdout]             `Framed<tokio::net::TcpStream, Codec>: tokio::prelude::Stream`
[INFO] [stdout]             which is required by `&mut Framed<tokio::net::TcpStream, Codec>: tokio::prelude::Stream`
[INFO] [stdout] 
[INFO] [stdout] 
[INFO] [stdout] error[E0277]: the trait bound `Codec: Decoder` is not satisfied
[INFO] [stdout]    --> src/broker.rs:335:50
[INFO] [stdout]     |
[INFO] [stdout] 335 |         let (sink, stream) = Framed::new(stream, mqtt_codec::Codec::new()).split();
[INFO] [stdout]     |                                                  ^^^^^^^^^^^^^^^^^^^^^^^^ the trait `Decoder` is not implemented for `Codec`
[INFO] [stdout]     |
[INFO] [stdout]     = note: required by `Framed::<T, U>::new`
[INFO] [stdout] 
[INFO] [stdout] 
[INFO] [stdout] error[E0277]: the trait bound `Codec: Encoder` is not satisfied
[INFO] [stdout]    --> src/broker.rs:335:50
[INFO] [stdout]     |
[INFO] [stdout] 335 |         let (sink, stream) = Framed::new(stream, mqtt_codec::Codec::new()).split();
[INFO] [stdout]     |                                                  ^^^^^^^^^^^^^^^^^^^^^^^^ the trait `Encoder` is not implemented for `Codec`
[INFO] [stdout]     |
[INFO] [stdout]     = note: required by `Framed::<T, U>::new`
[INFO] [stdout] 
[INFO] [stdout] 
[INFO] [stdout] error[E0599]: no method named `split` found for struct `Framed<tokio::net::TcpStream, Codec>` in the current scope
[INFO] [stdout]    --> src/broker.rs:335:76
[INFO] [stdout]     |
[INFO] [stdout] 335 |         let (sink, stream) = Framed::new(stream, mqtt_codec::Codec::new()).split();
[INFO] [stdout]     |                                                                            ^^^^^ method not found in `Framed<tokio::net::TcpStream, Codec>`
[INFO] [stdout]     | 
[INFO] [stdout]    ::: /opt/rustwide/cargo-home/registry/src/github.com-1ecc6299db9ec823/mqtt-codec-0.3.0/src/codec/mod.rs:36:1
[INFO] [stdout]     |
[INFO] [stdout] 36  | pub struct Codec {
[INFO] [stdout]     | ---------------- doesn't satisfy `Codec: Decoder`
[INFO] [stdout]     | 
[INFO] [stdout]    ::: /opt/rustwide/cargo-home/registry/src/github.com-1ecc6299db9ec823/tokio-io-0.1.13/src/_tokio_codec/framed.rs:18:1
[INFO] [stdout]     |
[INFO] [stdout] 18  | pub struct Framed<T, U> {
[INFO] [stdout]     | -----------------------
[INFO] [stdout]     | |
[INFO] [stdout]     | doesn't satisfy `_: tokio::io::AsyncRead`
[INFO] [stdout]     | doesn't satisfy `_: tokio::prelude::Stream`
[INFO] [stdout]     |
[INFO] [stdout]     = note: the method `split` exists but the following trait bounds were not satisfied:
[INFO] [stdout]             `Codec: Decoder`
[INFO] [stdout]             which is required by `Framed<tokio::net::TcpStream, Codec>: tokio::prelude::Stream`
[INFO] [stdout]             `Framed<tokio::net::TcpStream, Codec>: tokio::io::AsyncRead`
[INFO] [stdout]             which is required by `&mut Framed<tokio::net::TcpStream, Codec>: tokio::io::AsyncRead`
[INFO] [stdout]             `Framed<tokio::net::TcpStream, Codec>: tokio::prelude::Stream`
[INFO] [stdout]             which is required by `&mut Framed<tokio::net::TcpStream, Codec>: tokio::prelude::Stream`
[INFO] [stdout] 
[INFO] [stdout] 
[INFO] [stdout] error: aborting due to 9 previous errors
[INFO] [stdout] 
[INFO] [stdout] 
[INFO] [stdout] Some errors have detailed explanations: E0277, E0308, E0599.
[INFO] [stdout] 
[INFO] [stdout] For more information about an error, try `rustc --explain E0277`.
[INFO] [stdout] 
[INFO] [stderr] error: could not compile `hogfold`.
[INFO] [stderr] 
[INFO] [stderr] To learn more, run the command again with --verbose.
[INFO] [stderr] warning: build failed, waiting for other jobs to finish...
[INFO] [stdout] error: aborting due to 9 previous errors
[INFO] [stdout] 
[INFO] [stdout] 
[INFO] [stdout] Some errors have detailed explanations: E0277, E0308, E0599.
[INFO] [stdout] 
[INFO] [stdout] For more information about an error, try `rustc --explain E0277`.
[INFO] [stdout] 
[INFO] [stderr] error: build failed
[INFO] running `Command { std: "docker" "inspect" "d28c9a31bfddba92a3137730fc66a01220094da3ea5b5693274b0f908cb7adbc", kill_on_drop: false }`
[INFO] running `Command { std: "docker" "rm" "-f" "d28c9a31bfddba92a3137730fc66a01220094da3ea5b5693274b0f908cb7adbc", kill_on_drop: false }`
[INFO] [stdout] d28c9a31bfddba92a3137730fc66a01220094da3ea5b5693274b0f908cb7adbc
